{"id":797,"date":"2025-09-01T15:08:56","date_gmt":"2025-09-01T15:08:56","guid":{"rendered":"https:\/\/seontour.com\/?page_id=797"},"modified":"2025-09-04T13:42:42","modified_gmt":"2025-09-04T13:42:42","slug":"dubai-sehir-turu","status":"publish","type":"page","link":"https:\/\/seontour.com\/index.php\/dubai-sehir-turu\/","title":{"rendered":"Dubai \u015eehir Turu"},"content":{"rendered":"\t\t<div data-elementor-type=\"wp-page\" data-elementor-id=\"797\" class=\"elementor elementor-797\">\n\t\t\t\t<div class=\"elementor-element elementor-element-95708fc e-flex e-con-boxed e-con e-parent\" data-id=\"95708fc\" data-element_type=\"container\">\n\t\t\t\t\t<div class=\"e-con-inner\">\n\t\t\t\t<div class=\"elementor-element elementor-element-363a2d5 elementor-widget elementor-widget-heading\" data-id=\"363a2d5\" data-element_type=\"widget\" data-widget_type=\"heading.default\">\n\t\t\t\t\t<h2 class=\"elementor-heading-title elementor-size-default\">Seontour ile Dubai'yi Ke\u015ffet<\/h2>\t\t\t\t<\/div>\n\t\t\t\t\t<\/div>\n\t\t\t\t<\/div>\n\t\t<div class=\"elementor-element elementor-element-f9047e4 e-flex e-con-boxed e-con e-parent\" data-id=\"f9047e4\" data-element_type=\"container\">\n\t\t\t\t\t<div class=\"e-con-inner\">\n\t\t\t\t<div class=\"elementor-element elementor-element-f6464fc elementor-widget elementor-widget-text-editor\" data-id=\"f6464fc\" data-element_type=\"widget\" data-widget_type=\"text-editor.default\">\n\t\t\t\t\t\t\t\t\t<p data-start=\"193\" data-end=\"559\">Dubai, modern mimarisi ve geleneksel dokusuyla her y\u0131l milyonlarca gezgini b\u00fcy\u00fcleyen bir \u015fehir. <strong data-start=\"289\" data-end=\"309\">Dubai \u015fehir turu<\/strong>, bu e\u015fsiz kenti yak\u0131ndan tan\u0131man\u0131n en keyifli yoludur. Tur boyunca d\u00fcnyan\u0131n en y\u00fcksek binas\u0131 <strong data-start=\"403\" data-end=\"419\">Burj Khalifa<\/strong>, ihti\u015faml\u0131 al\u0131\u015fveri\u015f merkezi <strong data-start=\"449\" data-end=\"463\">Dubai Mall<\/strong>, tarihi atmosferiyle <strong data-start=\"485\" data-end=\"510\">Al Seef ve Eski Dubai<\/strong> sokaklar\u0131 sizi bamba\u015fka bir yolculu\u011fa \u00e7\u0131kar\u0131r.<\/p>\n<p data-start=\"561\" data-end=\"835\">\u00c7\u00f6l\u00fcn ortas\u0131nda y\u00fckselen bu \u015fehirde, hem gelece\u011fi hem de ge\u00e7mi\u015fi ayn\u0131 g\u00fcn i\u00e7inde ke\u015ffetme \u015fans\u0131na sahip olursunuz. <strong data-start=\"676\" data-end=\"696\">Dubai \u015fehir turu<\/strong> s\u0131ras\u0131nda alt\u0131n ve baharat \u00e7ar\u015f\u0131lar\u0131n\u0131n kokusunu i\u00e7inize \u00e7eker, Dubai Creek \u00fczerinde geleneksel abra teknesiyle yolculuk yapabilirsiniz.<\/p>\n<p data-start=\"837\" data-end=\"1105\">G\u00fcn bat\u0131m\u0131nda <strong data-start=\"851\" data-end=\"867\">Dubai Marina<\/strong>\u2019da y\u00fcr\u00fcy\u00fc\u015f yapmak ya da Jumeirah sahilinde foto\u011fraf molas\u0131 vermek, bu turun unutulmaz anlar\u0131 aras\u0131nda yer al\u0131r. Profesyonel rehberler e\u015fli\u011finde \u015fehrin simgelerini g\u00f6r\u00fcrken, Dubai\u2019nin k\u00fclt\u00fcr\u00fcn\u00fc ve g\u00fcnl\u00fck ya\u015fam\u0131n\u0131 da yak\u0131ndan tan\u0131rs\u0131n\u0131z.<\/p><p data-start=\"837\" data-end=\"1105\"><span style=\"font-size: 1rem;\">K\u0131sacas\u0131, <\/span><strong data-start=\"1117\" data-end=\"1137\" style=\"font-size: 1rem;\">Dubai \u015fehir turu<\/strong><span style=\"font-size: 1rem;\"> yaln\u0131zca bir gezi de\u011fil, yeni an\u0131lar ve ke\u015fiflerle dolu unutulmaz bir deneyimdir. Siz de bu b\u00fcy\u00fcleyici \u015fehrin enerjisini hissetmeye haz\u0131r olun.<\/span><\/p>\t\t\t\t\t\t\t\t<\/div>\n\t\t\t\t\t<\/div>\n\t\t\t\t<\/div>\n\t\t<div class=\"elementor-element elementor-element-0a9487c e-flex e-con-boxed e-con e-parent\" data-id=\"0a9487c\" data-element_type=\"container\">\n\t\t\t\t\t<div class=\"e-con-inner\">\n\t\t\t\t<div class=\"elementor-element elementor-element-306bb37 elementor-widget elementor-widget-gva-gallery\" data-id=\"306bb37\" data-element_type=\"widget\" data-widget_type=\"gva-gallery.default\">\n\t\t\t\t<div class=\"elementor-widget-container\">\n\t\t\t\t\t<div class=\"gva-element-gva-gallery gva-element\">  \r\n  \t<div class=\"gva-gallery-grid clearfix \">\r\n\t\t<div class=\"gva-content-items\"> \r\n\t\t  \t<div class=\"lg-block-grid-3 md-block-grid-3 sm-block-grid-2 xs-block-grid-1 xx-block-grid-1\">\r\n\t\t\t \t<div class=\"item\">   <div class=\"gallery-one__single\">\r\n               <div class=\"gallery-one__image\">\r\n            <img decoding=\"async\" src=\"https:\/\/seontour.com\/wp-content\/uploads\/2025\/09\/a9ecc48900c9899e4ea8d84a272a43b2-600x500.jpg\" alt=\"Dubai Frame\" \/>  \r\n         <\/div>\r\n         <a class=\"gallery-one__photo\" href=\"https:\/\/seontour.com\/wp-content\/uploads\/2025\/09\/a9ecc48900c9899e4ea8d84a272a43b2.jpg\" data-elementor-lightbox-slideshow=\"gallery-julq\"><i class=\"fa-solid fa-expand\"><\/i><\/a>\r\n      \r\n      <div class=\"gallery-one__content\">\r\n         <div class=\"gallery-one__content-inner\">\r\n         \t               <div class=\"gallery-one__sub-title\">Ke\u015ffet<\/div>\r\n                                       <h3 class=\"gallery-one__title\">Dubai Frame<\/h3>\r\n                     <\/div>   \r\n      <\/div>\r\n   <\/div>\r\n \r\n <\/div><div class=\"item\">   <div class=\"gallery-one__single\">\r\n               <div class=\"gallery-one__image\">\r\n            <img decoding=\"async\" src=\"https:\/\/seontour.com\/wp-content\/uploads\/2025\/09\/3434aa0bdf17222b013dd7643726d97a-600x500.jpg\" alt=\"Museum of The Future\" \/>  \r\n         <\/div>\r\n         <a class=\"gallery-one__photo\" href=\"https:\/\/seontour.com\/wp-content\/uploads\/2025\/09\/3434aa0bdf17222b013dd7643726d97a.jpg\" data-elementor-lightbox-slideshow=\"gallery-julq\"><i class=\"fa-solid fa-expand\"><\/i><\/a>\r\n      \r\n      <div class=\"gallery-one__content\">\r\n         <div class=\"gallery-one__content-inner\">\r\n         \t               <div class=\"gallery-one__sub-title\">Ke\u015ffet<\/div>\r\n                                       <h3 class=\"gallery-one__title\">Museum of The Future<\/h3>\r\n                     <\/div>   \r\n      <\/div>\r\n   <\/div>\r\n \r\n <\/div><div class=\"item\">   <div class=\"gallery-one__single\">\r\n               <div class=\"gallery-one__image\">\r\n            <img decoding=\"async\" src=\"https:\/\/seontour.com\/wp-content\/uploads\/2025\/09\/2af1badcda0c5b6ec8f1a3cc761886b1-600x500.jpg\" alt=\"Al Seef\" \/>  \r\n         <\/div>\r\n         <a class=\"gallery-one__photo\" href=\"https:\/\/seontour.com\/wp-content\/uploads\/2025\/09\/2af1badcda0c5b6ec8f1a3cc761886b1.jpg\" data-elementor-lightbox-slideshow=\"gallery-julq\"><i class=\"fa-solid fa-expand\"><\/i><\/a>\r\n      \r\n      <div class=\"gallery-one__content\">\r\n         <div class=\"gallery-one__content-inner\">\r\n         \t               <div class=\"gallery-one__sub-title\">Ke\u015ffet<\/div>\r\n                                       <h3 class=\"gallery-one__title\">Al Seef<\/h3>\r\n                     <\/div>   \r\n      <\/div>\r\n   <\/div>\r\n \r\n <\/div><div class=\"item\">   <div class=\"gallery-one__single\">\r\n               <div class=\"gallery-one__image\">\r\n            <img decoding=\"async\" src=\"https:\/\/seontour.com\/wp-content\/uploads\/2025\/09\/256f33e14a993b13a4dd79e679fee0e4-600x500.jpg\" alt=\"Madinat Jumeriah\" \/>  \r\n         <\/div>\r\n         <a class=\"gallery-one__photo\" href=\"https:\/\/seontour.com\/wp-content\/uploads\/2025\/09\/256f33e14a993b13a4dd79e679fee0e4.jpg\" data-elementor-lightbox-slideshow=\"gallery-julq\"><i class=\"fa-solid fa-expand\"><\/i><\/a>\r\n      \r\n      <div class=\"gallery-one__content\">\r\n         <div class=\"gallery-one__content-inner\">\r\n         \t               <div class=\"gallery-one__sub-title\">Ke\u015ffet<\/div>\r\n                                       <h3 class=\"gallery-one__title\">Madinat Jumeriah<\/h3>\r\n                     <\/div>   \r\n      <\/div>\r\n   <\/div>\r\n \r\n <\/div><div class=\"item\">   <div class=\"gallery-one__single\">\r\n               <div class=\"gallery-one__image\">\r\n            <img decoding=\"async\" src=\"https:\/\/seontour.com\/wp-content\/uploads\/2025\/09\/cb13b5454585842e09ae1803494eb691-600x500.jpg\" alt=\"Burj Khalifa\" \/>  \r\n         <\/div>\r\n         <a class=\"gallery-one__photo\" href=\"https:\/\/seontour.com\/wp-content\/uploads\/2025\/09\/cb13b5454585842e09ae1803494eb691.jpg\" data-elementor-lightbox-slideshow=\"gallery-julq\"><i class=\"fa-solid fa-expand\"><\/i><\/a>\r\n      \r\n      <div class=\"gallery-one__content\">\r\n         <div class=\"gallery-one__content-inner\">\r\n         \t               <div class=\"gallery-one__sub-title\">Ke\u015ffet<\/div>\r\n                                       <h3 class=\"gallery-one__title\">Burj Khalifa<\/h3>\r\n                     <\/div>   \r\n      <\/div>\r\n   <\/div>\r\n \r\n <\/div><div class=\"item\">   <div class=\"gallery-one__single\">\r\n               <div class=\"gallery-one__image\">\r\n            <img decoding=\"async\" src=\"https:\/\/seontour.com\/wp-content\/uploads\/2025\/09\/80332c04692418c700c38b53af938de9-600x500.jpg\" alt=\"Palm Jumeriah\" \/>  \r\n         <\/div>\r\n         <a class=\"gallery-one__photo\" href=\"https:\/\/seontour.com\/wp-content\/uploads\/2025\/09\/80332c04692418c700c38b53af938de9.jpg\" data-elementor-lightbox-slideshow=\"gallery-julq\"><i class=\"fa-solid fa-expand\"><\/i><\/a>\r\n      \r\n      <div class=\"gallery-one__content\">\r\n         <div class=\"gallery-one__content-inner\">\r\n         \t               <div class=\"gallery-one__sub-title\">Ke\u015ffet<\/div>\r\n                                       <h3 class=\"gallery-one__title\">Palm Jumeriah<\/h3>\r\n                     <\/div>   \r\n      <\/div>\r\n   <\/div>\r\n \r\n <\/div><div class=\"item\">   <div class=\"gallery-one__single\">\r\n               <div class=\"gallery-one__image\">\r\n            <img decoding=\"async\" src=\"https:\/\/seontour.com\/wp-content\/uploads\/2025\/09\/45a7a5a9ed7224b2b8675a256fe69c07-600x500.jpg\" alt=\"Ain Dubai\" \/>  \r\n         <\/div>\r\n         <a class=\"gallery-one__photo\" href=\"https:\/\/seontour.com\/wp-content\/uploads\/2025\/09\/45a7a5a9ed7224b2b8675a256fe69c07.jpg\" data-elementor-lightbox-slideshow=\"gallery-julq\"><i class=\"fa-solid fa-expand\"><\/i><\/a>\r\n      \r\n      <div class=\"gallery-one__content\">\r\n         <div class=\"gallery-one__content-inner\">\r\n         \t               <div class=\"gallery-one__sub-title\">Ke\u015ffet<\/div>\r\n                                       <h3 class=\"gallery-one__title\">Ain Dubai<\/h3>\r\n                     <\/div>   \r\n      <\/div>\r\n   <\/div>\r\n \r\n <\/div><div class=\"item\">   <div class=\"gallery-one__single\">\r\n               <div class=\"gallery-one__image\">\r\n            <img decoding=\"async\" src=\"https:\/\/seontour.com\/wp-content\/uploads\/2025\/09\/0911ac7718654cb83c73382e9c92bc8a-576x500.jpg\" alt=\"Dubai Marina\" \/>  \r\n         <\/div>\r\n         <a class=\"gallery-one__photo\" href=\"https:\/\/seontour.com\/wp-content\/uploads\/2025\/09\/0911ac7718654cb83c73382e9c92bc8a.jpg\" data-elementor-lightbox-slideshow=\"gallery-julq\"><i class=\"fa-solid fa-expand\"><\/i><\/a>\r\n      \r\n      <div class=\"gallery-one__content\">\r\n         <div class=\"gallery-one__content-inner\">\r\n         \t               <div class=\"gallery-one__sub-title\">Ke\u015ffet<\/div>\r\n                                       <h3 class=\"gallery-one__title\">Dubai Marina<\/h3>\r\n                     <\/div>   \r\n      <\/div>\r\n   <\/div>\r\n \r\n <\/div><div class=\"item\">   <div class=\"gallery-one__single\">\r\n               <div class=\"gallery-one__image\">\r\n            <img decoding=\"async\" src=\"https:\/\/seontour.com\/wp-content\/uploads\/2025\/09\/673d0fbf9d6ed9dad661019b5828e5a6-600x500.jpg\" alt=\"Aura Skypool\" \/>  \r\n         <\/div>\r\n         <a class=\"gallery-one__photo\" href=\"https:\/\/seontour.com\/wp-content\/uploads\/2025\/09\/673d0fbf9d6ed9dad661019b5828e5a6.jpg\" data-elementor-lightbox-slideshow=\"gallery-julq\"><i class=\"fa-solid fa-expand\"><\/i><\/a>\r\n      \r\n      <div class=\"gallery-one__content\">\r\n         <div class=\"gallery-one__content-inner\">\r\n         \t               <div class=\"gallery-one__sub-title\">Ke\u015ffet<\/div>\r\n                                       <h3 class=\"gallery-one__title\">Aura Skypool<\/h3>\r\n                     <\/div>   \r\n      <\/div>\r\n   <\/div>\r\n \r\n <\/div>\t\t  \t<\/div>\r\n\t\t<\/div>\r\n  \t<\/div>\r\n<\/div>\t\t\t\t<\/div>\n\t\t\t\t<\/div>\n\t\t\t\t\t<\/div>\n\t\t\t\t<\/div>\n\t\t\t\t<\/div>\n\t\t","protected":false},"excerpt":{"rendered":"<p>Seontour ile Dubai&#8217;yi Ke\u015ffet Dubai, modern mimarisi ve geleneksel dokusuyla her y\u0131l milyonlarca gezgini b\u00fcy\u00fcleyen bir \u015fehir. Dubai \u015fehir turu, bu e\u015fsiz kenti yak\u0131ndan tan\u0131man\u0131n en keyifli yoludur. Tur boyunca [&hellip;]<\/p>\n","protected":false},"author":1,"featured_media":0,"parent":0,"menu_order":0,"comment_status":"closed","ping_status":"closed","template":"","meta":{"footnotes":""},"class_list":["post-797","page","type-page","status-publish","hentry"],"aioseo_notices":[],"_links":{"self":[{"href":"https:\/\/seontour.com\/index.php\/wp-json\/wp\/v2\/pages\/797","targetHints":{"allow":["GET"]}}],"collection":[{"href":"https:\/\/seontour.com\/index.php\/wp-json\/wp\/v2\/pages"}],"about":[{"href":"https:\/\/seontour.com\/index.php\/wp-json\/wp\/v2\/types\/page"}],"author":[{"embeddable":true,"href":"https:\/\/seontour.com\/index.php\/wp-json\/wp\/v2\/users\/1"}],"replies":[{"embeddable":true,"href":"https:\/\/seontour.com\/index.php\/wp-json\/wp\/v2\/comments?post=797"}],"version-history":[{"count":14,"href":"https:\/\/seontour.com\/index.php\/wp-json\/wp\/v2\/pages\/797\/revisions"}],"predecessor-version":[{"id":993,"href":"https:\/\/seontour.com\/index.php\/wp-json\/wp\/v2\/pages\/797\/revisions\/993"}],"wp:attachment":[{"href":"https:\/\/seontour.com\/index.php\/wp-json\/wp\/v2\/media?parent=797"}],"curies":[{"name":"wp","href":"https:\/\/api.w.org\/{rel}","templated":true}]}}